5)/45 - c/(-18) prime?
False
Let p(d) = 8774*d - 4315. Is p(12) a composite number?
True
Let b be (4 + -8 - -10) + -1. Suppose -5*p = -p - b*t - 18969, -5*p - 3*t + 23739 = 0. Is (1/3)/(2/p) prime?
False
Let z be ((12 - 1)/1)/(-7 - -8). Is (-28)/(-154) - 15813/z*-7 a prime number?
False
Suppose 69*u + 2*f + 645206 = 73*u, 3*f - 806524 = -5*u. Is u composite?
False
Suppose 0 = -2*g + 5*j - 47, 0*j - 3*j + 15 = 0. Is 10/55 + (-434487)/g prime?
True
Let z = 26 - 18. Let b = z - -32. Let m = 633 + b. Is m a composite number?
False
Let z be ((-6132)/(-7))/(3/15). Let p = 953 + z. Is p composite?
False
Let x(p) = 10*p + 52. Let j be x(-5). Suppose 3*y - 6543 = -n, 4*y + n - 8719 = -j*n. Is y composite?
True
Suppose 8*u - 10*u - 15556 = -4*l, 3*l - 5*u = 11660. Let y = l - 379. Is y prime?
True
Let w(g) = -17 + 22*g - 7*g + 2*g**3 + 33 - 8*g**2. Is w(7) prime?
False
Is ((-5)/2)/(340/(-2224688)) composite?
True
Let x = 10 + 14. Suppose 0 = 4*o - 12*o + x. Suppose 0 = o*d - 2759 + 368. Is d a composite number?
False
Let r be -5 + (-16)/6*-3. Suppose 0 = j - 3*q - 97267 + 34055, -j = r*q - 63182. Is j prime?
True
Let s(o) = -26625*o + 11321. Is s(-12) composite?
False
Let v(y) = 3*y**2 - 28*y + 12. Let i be v(9). Suppose -5*n + 2*s = -293, 0*n - 4*s = -i*n + 187. Is ((-3)/((-18)/n))/((-2)/(-92)) a composite number?
True
Let c(o) = 4*o**3 - 9*o**2 + 2*o + 21. Let l be c(-6). Let m = 1882 + l. Is m a prime number?
False
Let z = 51651 - 29854. Is z prime?
False
Let t = -295 - -299. Suppose -t*q + 6 + 2 = 0, -q + 160 = 2*a. Is a prime?
True
Suppose 0 = 13*n + 29*n + 40*n - 37418978. Is n prime?
True
Suppose -42 - 22 = 8*d. Let p(q) = 61*q**2 - 13*q - 19. Is p(d) prime?
True
Let w = -2994 + 8402. Let h = w + -763. Is h composite?
True
Is 36877 + (27/(-12))/((-108)/576) prime?
False
Suppose 4*a - 7 = v + 15, 0 = -2*a - v + 8. Suppose 0 = 4*l - a*n - 487, 5*l + 3*n = 8*l - 363. Is l prime?
False
Let k(d) = d**3 + 14*d**2 - 18*d + 95. Suppose 67*b - 260 - 678 = 0. Is k(b) a prime number?
False
Let r = -49849 + 135918. Is r a composite number?
False
Let z be (-22 - -2)*1/(-4). Let y(g) = 7*g**3 - 5*g**2 - 3*g + 6. Let t be y(z). Suppose -7*o - 4*x = -3*o - 1016, -3*o + 4*x + t = 0. Is o a composite number?
False
Suppose -3921*g + 3915*g = -802734. Is g prime?
False
Let a = -10018 + 15311. Is a a prime number?
False
Let m = -124192 - -302213. Is m composite?
False
Let j = -403996 - -35596. Is 3/(-4 + 1 - j/122792) prime?
True
Let i(v) = -91*v**3 + 24*v**2 - 381*v - 71. Is i(-25) a prime number?
False
Suppose 37 = 2*i + 9. Let x(r) = -r**3 + 7*r**2 - 20*r + 97. Let a be x(6). Suppose -a*o + i*o - 71 = 0. Is o a prime number?
True
Let g = 567 + -1755. Let y = g + 1959. Is y prime?
False
Suppose 0 = 20*d - 22563 + 1863. Let o = -556 + d. Is o composite?
False
Suppose -2*h - 8 = -t, -3*t + 2*h = 4*h + 8. Suppose t*f + f = 2. Suppose 5*i = f*m + 3239, -2*i - 2*m = -3*m - 1295. Is i a prime number?
False
Let t(d) = 21*d**2 - 3. Suppose -5*z - 4 + 19 = 0. Suppose 6*b + 21 = 2*b + z*q, -11 = b + 5*q. Is t(b) composite?
True
Let g = -291 + 292. Is (-12490)/(-1 + -4) - g prime?
False
Suppose -621154 = -5*j + 457795 - 246024. Is j a composite number?
True
Let t(k) = -k + 13. Let j be t(-12). Let a(b) = 259*b - 122. Is a(j) a composite number?
False
Suppose -3*d + 2*r = -1184, 0*d - 5*d = 4*r - 1966. Let g = d - -655. Is g prime?
True
Is (2 + 0 - 7588)*(2 - (-70)/(-28)) a prime number?
True
Suppose 12*w + 83 = 11*w. Let q = w - -233. Is 5*q/4 + (-2)/4 a prime number?
False
Is -191*(-968 + 165/11) a prime number?
False
Let b(j) = j**3 - 2*j**2 + 2*j + 9. Let v be b(0). Let c be 436926/v + 2 - 6/(-9). Is ((-2)/(-5))/(10/c) composite?
True
Let v(d) = d**3 - 22*d**2 + 3*d + 81. Let s be v(10). Let f = s + 2012. Is f prime?
False
Suppose 82*b - 84*b - 12 = 3*c, 2*c = 5*b - 8. Let l = 544 - 179. Suppose -4*a + b*a = 5*p - 901, 2*p - l = 3*a. Is p composite?
False
Is (2 - 8)*(-410466)/252 a prime number?
False
Suppose 0 = -46*d + 4458000 + 6338154. Is d composite?
True
Let w(f) = -3*f + 1321. Let v be w(0). Let s be 23775/30 - 2/4. Let l = v - s. Is l a prime number?
False
Let l(n) = n**3 + 127*n**2 - 58*n - 31. Let i(q) = 2*q**3 + 191*q**2 - 86*q - 46. Let t(m) = -5*i(m) + 8*l(m). Is t(25) a composite number?
False
Let m = 20354 - -107232. Is m a prime number?
False
Is 189550 - (-5 - (-176)/33)/(1/9) a prime number?
True
Let h(m) = 5496*m**2 - 351*m - 2606. Is h(-7) composite?
True
Let c = 18256 - -148387. Is c composite?
False
Let q(v) = -5890*v - 12223. Is q(-6) prime?
True
Let o = 14877 + 659. Suppose 9*t - o = 43945. Is t composite?
True
Let h(d) = d**3 + 6*d**2 - 20*d - 83. Let f be h(-7). Is f + -5 + (10 - -8044) prime?
False
Let m = 153 - 154. Is 8 - 8 - -2 - (-5566 - m) a prime number?
False
Let p(g) = g**3 - 4*g**2 + 50683. Is p(0) a prime number?
True
Let f(u) = -10148*u + 1653. Is f(-8) composite?
False
Let p(l) = 378*l - 81. Let g(q) = -379*q + 79. Let w(m) = 2*g(m) + 3*p(m). Is w(2) prime?
False
Let i = 176865 - -505856. Is i a composite number?
True
Suppose -4*z - 54499 = 654*o - 655*o, 3*o - 2*z - 163447 = 0. Is o a composite number?
True
Let x = 26 - 22. Suppose 3*d = -4*t + d + 19938, 0 = x*d + 4. Suppose -2*y = 3*y - t. Is y composite?
False
Let k be 9/12 + (-9891)/(-252). Suppose 438 + 886 = 4*r. Let w = r + k. Is w a composite number?
True
Suppose 0 = -39*k - 69661 - 57362. Is 15/(-5) - 3 - k a composite number?
False
Suppose 52*h - 206067 - 184262 - 293835 = 0. Is h composite?
True
Let d = 2711 - -572268. Is d composite?
True
Let c(b) = -3*b**2 + 6. Let x be c(-5). Is (46/x)/(2/(-2751)) composite?
True
Let t be (4986 - -2)*(-1)/(-2). Let f = -488 + t. Suppose -2530 = -5*s - j + 6*j, -2*j = 4*s - f. Is s a prime number?
True
Let a(u) = -26*u + 13*u - 10 + 4*u + 7*u. Let s be a(-10). Suppose s*n - 3768 = -1258. Is n a composite number?
False
Suppose 4*n = -2*w + 17797 + 120509, 0 = 3*n - 15. Is w composite?
False
Let l = -4 + -6. Let w(r) = 35*r**2 - 4*r - 8. Let m be w(l). Suppose 0 = 3*g - 7*g + m. Is g composite?
False
Suppose -157170 = -5*d + 194725. Is d prime?
True
Is ((-2162818)/4)/((-84)/24 + 3) a composite number?
True
Let t = -3 + 6. Suppose b = -t*b - j + 4348, -b + 1087 = -3*j. Is b composite?
False
Let w(p) = -196*p**3 + 30*p**2 + 132*p + 3. Is w(-5) a prime number?
True
Let i = 276 + -269. Suppose 13069 = r - 3*w + i*w, -4*r - 5*w = -52243. Is r prime?
False
Let q(r) = 529*r**2 - 101*r - 31. Is q(-6) composite?
True
Let p = 47540 - 20518. Is 116/(-522) + p/18 prime?
False
Suppose -2*m - 3*m - 10512 = -2*d, 0 = -3*m. Suppose r - d = -0*r. Suppose 0*c - 4*k - r = -4*c, -c + 4*k = -1299. Is c prime?
True
Let d(c) be the second derivative of 11*c**4/12 - 5*c**3/3 + 45*c**2/2 + 4*c + 8. Is d(7) composite?
True
Suppose -3*k + 359*d - 360*d = -1287980, 0 = -3*k + d + 1287994. Is k composite?
False
Suppose 5*j = 5*r + 8770, 19*j - 5*r + 1730 = 20*j. Let m be 0/(-1) - (-1 - 3734). Let n = j + m. Is n a prime number?
False
Let g = -1350472 - -2403461. Is g composite?
True
Let l(j) = -7*j + 138. Let x be l(19). Suppose s + x*p - 3974 = 0, 3*p = -0*p - 9. Is s prime?
True
Suppose s + 15120 = 3*z, -6347 = -4*z + 5*s + 13824. Is z composite?
False
Suppose 13*j - 910 = -j. Let l = j - 78. Is 15 + l + (0 - -483 - -2) a composite number?
False
Suppose -21 = j - 3*g - 6, 4*j = -4*g + 20. Suppose j = 3*d + 4*m - 3453, -2*d + 21 = 5*m - 2281. Is d composite?
False
Let k(f) = f**2 - 59*f + 19. Let s be k(42). Let d = -358 - s. Is d composite?
False
Suppose -p - 3*h = -1482895, -2*h - 6605339 = -5*p + 809204. Is p a prime number?
True
Is (-221498)/(168/(-147) + 12/14) composite?
True
Let l(d) be the third derivative of d**5/15 + d**4/2 - 11*d**3/6 + 17*d**2. Let o be l(-16). Suppose 0 = -v - 4*t + 3*t + o, v - 5*t - 803 = 0. Is v prime?
False
Suppose -g - 5 = -2*g. Suppose g*s = 5, -3062 = 2*v + v + 4*s. Is (v/3)/((-2)/3) prime?
False
Let b(x) = 2*x**3 + 3*x**2 - 5*x. Let p be b(-4). Let y = -54 - p. Is (-56)/(-42)*(-443)/(-4)*y prime?
False
Suppose -5*o - 148*k + 2549795 = -147*k, 1019918 = 2*o + 2*k. Is o a prime number?
True
Suppose -16347 = -13*a + 51240. Let v = 4594 + a. Is v a composite number?
True
Let w be -62 - 72/(6 + 2). Let l = 145 + -343. Let n = w - 